{"id":961,"date":"2023-02-22T11:52:40","date_gmt":"2023-02-22T14:52:40","guid":{"rendered":"https:\/\/edtalomas-bue.infd.edu.ar\/sitio\/?page_id=961"},"modified":"2026-03-09T15:57:29","modified_gmt":"2026-03-09T18:57:29","slug":"estudiantes","status":"publish","type":"page","link":"https:\/\/edtalomas-bue.infd.edu.ar\/sitio\/estudiantes\/","title":{"rendered":"ESTUDIANTES"},"content":{"rendered":"\n<p class=\"has-contrast-2-color has-base-background-color has-text-color has-background\">E<strong>SPACIOS DE DEFINICI\u00d3N INSTITUCIONAL<\/strong> (Incripci\u00f3n a  primer cuatrimestre 2026)<\/p>\n\n\n\n<p><a href=\"https:\/\/drive.google.com\/drive\/folders\/1PnQ6puw0xVgqJYn4mzvWL0mjTwtyyZZd\" data-type=\"URL\" data-id=\"https:\/\/drive.google.com\/drive\/folders\/1PnQ6puw0xVgqJYn4mzvWL0mjTwtyyZZd\" target=\"_blank\" rel=\"noreferrer noopener\">CLICK AQU\u00cd <\/a><\/p>\n\n\n\n<p><\/p>\n\n\n\n<p class=\"has-base-background-color has-background\"><strong>HORARIOS DE CURSADAS 2026<\/strong>:  <a href=\"https:\/\/drive.google.com\/drive\/folders\/1wneUij1Vzz7-AQVe2Q7R3EOoap5LMUmw?usp=share_link\">CLICK AQU\u00cd<\/a><\/p>\n\n\n\n<div class=\"wp-block-columns is-layout-flex wp-container-2\">\n<div class=\"wp-block-column is-layout-flow\" style=\"flex-basis:100%\">\n<pre class=\"wp-block-preformatted\"><strong>PLANES DE ESTUDIOS, CORRELATIVIDADES Y MODALIDAD DE CURSADA<\/strong>. <a href=\"https:\/\/drive.google.com\/drive\/folders\/1F8CeeZEMoEZtdd3YAgBK8lWe7aQbM2Hc?usp=drive_link\">Click Aqu\u00ed<\/a>.<\/pre>\n<\/div>\n<\/div>\n\n\n\n<p class=\"has-contrast-2-color has-base-background-color has-text-color has-background\"><strong><em>LINKS DE MATRICULACI\u00d3N por carreras y turnos: <\/em><\/strong><\/p>\n\n\n\n<p><strong>TECNICATURA EN INTERPRETACI\u00d3N Y COREOGRAF\u00cdA DE TANGO<\/strong>: <a href=\"https:\/\/docs.google.com\/forms\/d\/e\/1FAIpQLScX7LgKzGT4cEg72skTlGse1eMYvUqJqId6uC9HyEOh-eO8BQ\/viewform?usp=preview\" data-type=\"URL\" target=\"_blank\" rel=\"noreferrer noopener\">CLICK AQU\u00cd<\/a> <\/p>\n\n\n\n<p><strong>PROFESORADO DE DANZAS CON ORIENTACI\u00d3N EN EXPRESI\u00d3N CORPORAL<\/strong> : <a href=\"https:\/\/docs.google.com\/forms\/d\/e\/1FAIpQLSecsV4b8QYhYNpmDBdWSWVEfNZ0KPJnSY5dsg2F-M4jxqGWtw\/viewform?usp=preview\" data-type=\"URL\" target=\"_blank\" rel=\"noreferrer noopener\">CLICK AQU\u00cd <\/a><\/p>\n\n\n\n<p><strong>PROFESORADO DE DANZAS CON ORIENTACI\u00d3N EN DANZAS FOLKL\u00d3RICAS: POR TURNOS. <\/strong><\/p>\n\n\n\n<p>Turno Ma\u00f1ana <a href=\"https:\/\/docs.google.com\/forms\/d\/e\/1FAIpQLScOKxOPH4_iSdPNhf4lPL27GdqCkD1YJuey5Depn2iEg_ehPA\/viewform?usp=preview\" data-type=\"URL\" target=\"_blank\" rel=\"noreferrer noopener\">CLICK AQU\u00cd<\/a><\/p>\n\n\n\n<p>Turno Tarde <a href=\"https:\/\/docs.google.com\/forms\/d\/e\/1FAIpQLSe-C4s3MD8qrA6gKiyRpfBD8YZsBu1ZB-h-gji8RSbBRiBejQ\/viewform?usp=preview\" data-type=\"URL\">CLICK AQUI<\/a><\/p>\n\n\n\n<p>Turno Vespertino <a href=\"https:\/\/docs.google.com\/forms\/d\/e\/1FAIpQLSe1FITyx1BVlDZpMJFbpTy1MWsYxk1sDzi6YO0NYRMhfE7lFw\/viewform?usp=preview\" data-type=\"URL\" target=\"_blank\" rel=\"noreferrer noopener\">CLICK AQU\u00cd <\/a><\/p>\n\n\n\n<p><strong>PROFESORADO DE DANZAS CONTEMPOR\u00c1NEAS<\/strong>: <a rel=\"noreferrer noopener\" href=\"https:\/\/docs.google.com\/forms\/d\/1DXIblGkCOi-oZf8Cc__h-lCoDjUAqyKj1emjEjL0T7M\/edit?usp=drivesdk\" data-type=\"URL\" data-id=\"https:\/\/docs.google.com\/forms\/d\/1DXIblGkCOi-oZf8Cc__h-lCoDjUAqyKj1emjEjL0T7M\/edit?usp=drivesdk\" target=\"_blank\">CLICK AQU\u00cd<\/a> <\/p>\n","protected":false},"excerpt":{"rendered":"<p>ESPACIOS DE DEFINICI\u00d3N INSTITUCIONAL (Incripci\u00f3n a primer cuatrimestre 2026) CLICK AQU\u00cd HORARIOS DE CURSADAS 2026: CLICK AQU\u00cd PLANES DE ESTUDIOS, CORRELATIVIDADES Y MODALIDAD DE CURSADA. Click Aqu\u00ed. LINKS DE MATRICULACI\u00d3N por carreras y turnos: TECNICATURA EN INTERPRETACI\u00d3N Y COREOGRAF\u00cdA DE TANGO: CLICK AQU\u00cd PROFESORADO DE DANZAS CON ORIENTACI\u00d3N EN EXPRESI\u00d3N CORPORAL : CLICK AQU\u00cd PROFESORADO &#8230; <a title=\"ESTUDIANTES\" class=\"read-more\" href=\"https:\/\/edtalomas-bue.infd.edu.ar\/sitio\/estudiantes\/\" aria-label=\"M\u00e1s en ESTUDIANTES\">[+]<\/a><\/p>\n","protected":false},"author":16,"featured_media":0,"parent":0,"menu_order":0,"comment_status":"closed","ping_status":"closed","template":"","meta":[],"acf":[],"_links":{"self":[{"href":"https:\/\/edtalomas-bue.infd.edu.ar\/sitio\/wp-json\/wp\/v2\/pages\/961"}],"collection":[{"href":"https:\/\/edtalomas-bue.infd.edu.ar\/sitio\/wp-json\/wp\/v2\/pages"}],"about":[{"href":"https:\/\/edtalomas-bue.infd.edu.ar\/sitio\/wp-json\/wp\/v2\/types\/page"}],"author":[{"embeddable":true,"href":"https:\/\/edtalomas-bue.infd.edu.ar\/sitio\/wp-json\/wp\/v2\/users\/16"}],"replies":[{"embeddable":true,"href":"https:\/\/edtalomas-bue.infd.edu.ar\/sitio\/wp-json\/wp\/v2\/comments?post=961"}],"version-history":[{"count":31,"href":"https:\/\/edtalomas-bue.infd.edu.ar\/sitio\/wp-json\/wp\/v2\/pages\/961\/revisions"}],"predecessor-version":[{"id":2066,"href":"https:\/\/edtalomas-bue.infd.edu.ar\/sitio\/wp-json\/wp\/v2\/pages\/961\/revisions\/2066"}],"wp:attachment":[{"href":"https:\/\/edtalomas-bue.infd.edu.ar\/sitio\/wp-json\/wp\/v2\/media?parent=961"}],"curies":[{"name":"wp","href":"https:\/\/api.w.org\/{rel}","templated":true}]}}