{"id":895,"date":"2022-07-05T20:20:55","date_gmt":"2022-07-05T23:20:55","guid":{"rendered":"https:\/\/edtalomas-bue.infd.edu.ar\/sitio\/?page_id=895"},"modified":"2025-08-13T17:52:36","modified_gmt":"2025-08-13T20:52:36","slug":"talleres-de-extension-a-la-comunidad","status":"publish","type":"page","link":"https:\/\/edtalomas-bue.infd.edu.ar\/sitio\/talleres-de-extension-a-la-comunidad\/","title":{"rendered":"TALLERES DE EXTENSI\u00d3N A LA COMUNIDAD"},"content":{"rendered":"\n<p>Abiertos y Gratuitos &#8211; Para inscribirte, acercarse a preceptor\u00eda de lunes a viernes. Horarios: 8 a 11, 13 a 16 \u00f3 18 a 21Hs.<\/p>\n\n\n\n<div class=\"wp-block-group has-black-color has-pale-pink-background-color has-text-color has-background is-layout-flow\"><div class=\"wp-block-group__inner-container\">\n<p><strong>TALLER DE ELONGACI\u00d3N<\/strong> <\/p>\n\n\n\n<p>Destinado a j\u00f3venes y adultxs<\/p>\n\n\n\n<p>Mi\u00e9rcoles de 17 a 18hs.<\/p>\n\n\n\n<p>Prof. Viviana Maceri<\/p>\n<\/div><\/div>\n\n\n\n<div class=\"wp-block-group has-pale-cyan-blue-background-color has-background is-layout-flow\"><div class=\"wp-block-group__inner-container\">\n<p><strong>TALLER DE INICIACI\u00d3N A LA DANZA<\/strong><\/p>\n\n\n\n<p>Destinado a Ni\u00f1xs de 6 a 10 a\u00f1os.<\/p>\n\n\n\n<p>VIERNES de 17 a 18.15Hs<\/p>\n\n\n\n<p>Prof. Candela Albarrac\u00edn<\/p>\n<\/div><\/div>\n\n\n\n<div class=\"wp-block-group has-light-green-cyan-background-color has-background is-layout-flow\"><div class=\"wp-block-group__inner-container\">\n<p><strong>TALLER DE DANZAS POPULARES PARA NI\u00d1XS<\/strong><\/p>\n\n\n\n<p>Destinado a Ni\u00f1xs de 11 a 15 a\u00f1os<\/p>\n\n\n\n<p>Viernes de 18.30 a 20Hs.<\/p>\n\n\n\n<p>Prof. Candela Albarrac\u00edn<\/p>\n<\/div><\/div>\n\n\n\n<div class=\"wp-block-group has-black-color has-pale-pink-background-color has-text-color has-background is-layout-flow\"><div class=\"wp-block-group__inner-container\">\n<p><strong>TALLER DE DANZAS FOLKL\u00d3RICAS ADULTXS<\/strong><\/p>\n\n\n\n<p>Viernes de 20 a 22hs.<\/p>\n\n\n\n<p>Miercoles de 18 a 20Hs.<\/p>\n\n\n\n<p>Prof. Victor Sanchez \/ Prof. Susana Lanza<\/p>\n<\/div><\/div>\n\n\n\n<div class=\"wp-block-group has-pale-cyan-blue-background-color has-background is-layout-flow\"><div class=\"wp-block-group__inner-container\">\n<p><strong>TANGO SAL\u00d3N <\/strong><\/p>\n\n\n\n<p>Mi\u00e9rcoles de 18 a 20Hs.<\/p>\n\n\n\n<p>Prof. Carla Ferreyra<\/p>\n<\/div><\/div>\n\n\n\n<div class=\"wp-block-group has-light-green-cyan-background-color has-background is-layout-flow\"><div class=\"wp-block-group__inner-container\">\n<p><strong>TANGO ESCENARIO<\/strong><\/p>\n\n\n\n<p>Martes 18 a 20Hs. <\/p>\n\n\n\n<p>Prof. Gabriel Salvi \/ Prof. Carolina Leonardelli<\/p>\n<\/div><\/div>\n\n\n\n<div class=\"wp-block-group has-luminous-vivid-amber-background-color has-background is-layout-flow\"><div class=\"wp-block-group__inner-container\">\n<p><strong>TALLER DE ELEMENTOS PARA EL CONTACTO IMPROVISACI\u00d3N<\/strong><\/p>\n\n\n\n<p>Destinado a j\u00f3venes y adultos<\/p>\n\n\n\n<p>Mi\u00e9rcoles de 14 a 16Hs.<\/p>\n\n\n\n<p>Prof. M\u00f3nica Cardia<\/p>\n<\/div><\/div>\n\n\n\n<div class=\"wp-block-group has-black-color has-pale-pink-background-color has-text-color has-background is-layout-flow\"><div class=\"wp-block-group__inner-container\">\n<p><strong>TALLER DE T\u00c9CNICA DE DANZA CL\u00c1SICA<\/strong><\/p>\n\n\n\n<p>Destinado a J\u00f3venes y adultxs<\/p>\n\n\n\n<p>Mi\u00e9rcoles de 16 a 17hs.<\/p>\n\n\n\n<p>Prof. Viviana Maceri<\/p>\n<\/div><\/div>\n\n\n\n<div class=\"wp-block-group has-light-green-cyan-background-color has-background is-layout-flow\"><div class=\"wp-block-group__inner-container\">\n<p><strong>TALLER DE INSTRUMENTOS T\u00cdPICOS REGIONALES<\/strong><\/p>\n\n\n\n<p>Destinado a j\u00f3venes y adultxs<\/p>\n\n\n\n<p>Lunes de 18 a 20Hs. (principiantes)<\/p>\n\n\n\n<p>Jueves 18 a 20Hs (intermedio, avanzado)<\/p>\n\n\n\n<p>Prof. Pablo Lautaro Ponce<\/p>\n<\/div><\/div>\n\n\n\n<div class=\"wp-block-group has-luminous-vivid-amber-background-color has-background is-layout-flow\"><div class=\"wp-block-group__inner-container\"><\/div><\/div>\n","protected":false},"excerpt":{"rendered":"<p>Abiertos y Gratuitos &#8211; Para inscribirte, acercarse a preceptor\u00eda de lunes a viernes. Horarios: 8 a 11, 13 a 16 \u00f3 18 a 21Hs. TALLER DE ELONGACI\u00d3N Destinado a j\u00f3venes y adultxs Mi\u00e9rcoles de 17 a 18hs. Prof. Viviana Maceri TALLER DE INICIACI\u00d3N A LA DANZA Destinado a Ni\u00f1xs de 6 a 10 a\u00f1os. VIERNES &#8230; <a title=\"TALLERES DE EXTENSI\u00d3N A LA COMUNIDAD\" class=\"read-more\" href=\"https:\/\/edtalomas-bue.infd.edu.ar\/sitio\/talleres-de-extension-a-la-comunidad\/\" aria-label=\"M\u00e1s en TALLERES DE EXTENSI\u00d3N A LA COMUNIDAD\">[+]<\/a><\/p>\n","protected":false},"author":16,"featured_media":0,"parent":0,"menu_order":0,"comment_status":"closed","ping_status":"closed","template":"","meta":[],"acf":[],"_links":{"self":[{"href":"https:\/\/edtalomas-bue.infd.edu.ar\/sitio\/wp-json\/wp\/v2\/pages\/895"}],"collection":[{"href":"https:\/\/edtalomas-bue.infd.edu.ar\/sitio\/wp-json\/wp\/v2\/pages"}],"about":[{"href":"https:\/\/edtalomas-bue.infd.edu.ar\/sitio\/wp-json\/wp\/v2\/types\/page"}],"author":[{"embeddable":true,"href":"https:\/\/edtalomas-bue.infd.edu.ar\/sitio\/wp-json\/wp\/v2\/users\/16"}],"replies":[{"embeddable":true,"href":"https:\/\/edtalomas-bue.infd.edu.ar\/sitio\/wp-json\/wp\/v2\/comments?post=895"}],"version-history":[{"count":15,"href":"https:\/\/edtalomas-bue.infd.edu.ar\/sitio\/wp-json\/wp\/v2\/pages\/895\/revisions"}],"predecessor-version":[{"id":1557,"href":"https:\/\/edtalomas-bue.infd.edu.ar\/sitio\/wp-json\/wp\/v2\/pages\/895\/revisions\/1557"}],"wp:attachment":[{"href":"https:\/\/edtalomas-bue.infd.edu.ar\/sitio\/wp-json\/wp\/v2\/media?parent=895"}],"curies":[{"name":"wp","href":"https:\/\/api.w.org\/{rel}","templated":true}]}}

TALLERES DE EXTENSIÓN A LA COMUNIDAD

<p>Abiertos y Gratuitos &#8211; Para inscribirte, acercarse a preceptoría de lunes a viernes. Horarios: 8 a 11, 13 a 16 ó 18 a 21Hs.</p>



<div class="wp-block-group has-black-color has-pale-pink-background-color has-text-color has-background is-layout-flow"><div class="wp-block-group__inner-container">
<p><strong>TALLER DE ELONGACIÓN</strong> </p>



<p>Destinado a jóvenes y adultxs</p>



<p>Miércoles de 17 a 18hs.</p>



<p>Prof. Viviana Maceri</p>
</div></div>



<div class="wp-block-group has-pale-cyan-blue-background-color has-background is-layout-flow"><div class="wp-block-group__inner-container">
<p><strong>TALLER DE INICIACIÓN A LA DANZA</strong></p>



<p>Destinado a Niñxs de 6 a 10 años.</p>



<p>VIERNES de 17 a 18.15Hs</p>



<p>Prof. Candela Albarracín</p>
</div></div>



<div class="wp-block-group has-light-green-cyan-background-color has-background is-layout-flow"><div class="wp-block-group__inner-container">
<p><strong>TALLER DE DANZAS POPULARES PARA NIÑXS</strong></p>



<p>Destinado a Niñxs de 11 a 15 años</p>



<p>Viernes de 18.30 a 20Hs.</p>



<p>Prof. Candela Albarracín</p>
</div></div>



<div class="wp-block-group has-black-color has-pale-pink-background-color has-text-color has-background is-layout-flow"><div class="wp-block-group__inner-container">
<p><strong>TALLER DE DANZAS FOLKLÓRICAS ADULTXS</strong></p>



<p>Viernes de 20 a 22hs.</p>



<p>Miercoles de 18 a 20Hs.</p>



<p>Prof. Victor Sanchez / Prof. Susana Lanza</p>
</div></div>



<div class="wp-block-group has-pale-cyan-blue-background-color has-background is-layout-flow"><div class="wp-block-group__inner-container">
<p><strong>TANGO SALÓN </strong></p>



<p>Miércoles de 18 a 20Hs.</p>



<p>Prof. Carla Ferreyra</p>
</div></div>



<div class="wp-block-group has-light-green-cyan-background-color has-background is-layout-flow"><div class="wp-block-group__inner-container">
<p><strong>TANGO ESCENARIO</strong></p>



<p>Martes 18 a 20Hs. </p>



<p>Prof. Gabriel Salvi / Prof. Carolina Leonardelli</p>
</div></div>



<div class="wp-block-group has-luminous-vivid-amber-background-color has-background is-layout-flow"><div class="wp-block-group__inner-container">
<p><strong>TALLER DE ELEMENTOS PARA EL CONTACTO IMPROVISACIÓN</strong></p>



<p>Destinado a jóvenes y adultos</p>



<p>Miércoles de 14 a 16Hs.</p>



<p>Prof. Mónica Cardia</p>
</div></div>



<div class="wp-block-group has-black-color has-pale-pink-background-color has-text-color has-background is-layout-flow"><div class="wp-block-group__inner-container">
<p><strong>TALLER DE TÉCNICA DE DANZA CLÁSICA</strong></p>



<p>Destinado a Jóvenes y adultxs</p>



<p>Miércoles de 16 a 17hs.</p>



<p>Prof. Viviana Maceri</p>
</div></div>



<div class="wp-block-group has-light-green-cyan-background-color has-background is-layout-flow"><div class="wp-block-group__inner-container">
<p><strong>TALLER DE INSTRUMENTOS TÍPICOS REGIONALES</strong></p>



<p>Destinado a jóvenes y adultxs</p>



<p>Lunes de 18 a 20Hs. (principiantes)</p>



<p>Jueves 18 a 20Hs (intermedio, avanzado)</p>



<p>Prof. Pablo Lautaro Ponce</p>
</div></div>



<div class="wp-block-group has-luminous-vivid-amber-background-color has-background is-layout-flow"><div class="wp-block-group__inner-container"></div></div>

<p>Abiertos y Gratuitos &#8211; Para inscribirte, acercarse a preceptoría de lunes a viernes. Horarios: 8 a 11, 13 a 16 ó 18 a 21Hs. TALLER DE ELONGACIÓN Destinado a jóvenes y adultxs Miércoles de 17 a 18hs. Prof. Viviana Maceri TALLER DE INICIACIÓN A LA DANZA Destinado a Niñxs de 6 a 10 años. VIERNES &#8230; <a title="TALLERES DE EXTENSIÓN A LA COMUNIDAD" class="read-more" href="https://edtalomas-bue.infd.edu.ar/sitio/talleres-de-extension-a-la-comunidad/" aria-label="Más en TALLERES DE EXTENSIÓN A LA COMUNIDAD">[+]</a></p>
