{"id":887,"date":"2022-07-05T11:18:10","date_gmt":"2022-07-05T14:18:10","guid":{"rendered":"https:\/\/edtalomas-bue.infd.edu.ar\/sitio\/?page_id=887"},"modified":"2025-03-26T15:49:58","modified_gmt":"2025-03-26T18:49:58","slug":"tecnicatura-superior-en-interpretacion-y-coreografia-de-tango","status":"publish","type":"page","link":"https:\/\/edtalomas-bue.infd.edu.ar\/sitio\/oferta-academica\/tecnicatura-superior-en-interpretacion-y-coreografia-de-tango\/","title":{"rendered":"Tecnicatura Superior en Interpretaci\u00f3n y Coreograf\u00eda de Tango"},"content":{"rendered":"\n<figure class=\"wp-block-embed is-type-video is-provider-youtube wp-block-embed-youtube wp-embed-aspect-16-9 wp-has-aspect-ratio\"><div class=\"wp-block-embed__wrapper\">\n<iframe loading=\"lazy\" title=\"EDTA LOMAS DE ZAMORA\" width=\"1200\" height=\"675\" src=\"https:\/\/www.youtube.com\/embed\/njl_lN1oL_s?feature=oembed\" frameborder=\"0\" allow=\"accelerometer; autoplay; clipboard-write; encrypted-media; gyroscope; picture-in-picture; web-share\" allowfullscreen><\/iframe>\n<\/div><\/figure>\n\n\n\n<p><\/p>\n\n\n\n<p><strong>FUNDAMENTACI\u00d3N DE LA TECNICATURA SUPERIOR INT\u00c9RPRETE CORE\u00d3GRAFO EN TANGO.<\/strong><\/p>\n\n\n\n<p>El presente dise\u00f1o de Tecnicatura Superior Int\u00e9rprete Core\u00f3grafo en Tango cubre una necesidad en la Provincia de Buenos Aires expresada reiteradamente en \u00e1mbitos y comunidades vinculados al arte de la danza. La formaci\u00f3n integral de este especialista, capacitado en su saber espec\u00edfico, garantizar\u00e1 adem\u00e1s el conocimiento de otras disciplinas art\u00edsticas y de gesti\u00f3n vinculadas a sus \u00e1reas de competencia.<\/p>\n\n\n\n<p>El Tango argentino ocupa un sitial preferencial, reconocido por music\u00f3logos de todo el mundo, otorgando materia prima para generar manifestaciones danc\u00edsticas, generando en el bailar\u00edn el desarrollo de toda su potencialidad.<\/p>\n\n\n\n<p>La competitividad es un aspecto que la actual sociedad nos impone como desaf\u00edo muy importante, por lo tanto desde el punto de vista de la formaci\u00f3n de profesionales que tengan capacidad de competir y la posibilidad de insertarse laboralmente con \u00e9xito, exige incorporar aquellos contenidos que son indispensables para una formaci\u00f3n completa, seg\u00fan requerimiento del mercado laboral en el que se supone que el profesional se deber\u00e1 insertar.<\/p>\n\n\n\n<p>Hist\u00f3ricamente, el tango qued\u00f3 fuera del circuito de la ense\u00f1anza oficial, tal vez por la aplicaci\u00f3n de criterios que subvaloraron este g\u00e9nero como manifestaci\u00f3n genuina de la cultura y el arte popular o quiz\u00e1s por considerarlo una expresi\u00f3n diferenciada del \u00e1mbito folkl\u00f3rico, al ser de origen urbano. Los nuevos marcos epistemol\u00f3gicos (que resultan los m\u00e1s operativos desde 1970 al presente), consideran esta distinci\u00f3n anacr\u00f3nica. El presente proyecto considera al Tango, la Milonga, el Chamam\u00e9, el Rasguido Doble, Danzas Folkl\u00f3ricas Argentinas, a pesar de \u201ctradicional\u201d alteridad que separa al Tango del Folklore Argentino. M\u00fasica urbana y M\u00fasica folkl\u00f3rica son compartimentos estancos que carecen de sentido si se los aborda por separado, pero adquieren una fuerza vital y transformadora si juntos forman parte del Universo Cultural Identitario de los Argentinos.<\/p>\n\n\n\n<p>A\u00fan cuando en la Carrera de Profesorado de Arte en Danzas (Danzas Folkl\u00f3ricas), se realiza una primera aproximaci\u00f3n a la interpretaci\u00f3n del Tango y la Milonga, y de las danzas rioplatenses en general, hoy se justifica un tratamiento especial, con la implementaci\u00f3n de la Tecnicatura espec\u00edfica, por el grado de complejizaci\u00f3n, creaci\u00f3n, improvisaci\u00f3n, que esta danza en particular ostenta en la actualidad.<\/p>\n\n\n\n<p>El Folklore, en este caso la danza folkl\u00f3rica rioplatense, y enf\u00e1ticamente el tango, es una trascendente forma de comunicaci\u00f3n que nos informa, nos educa, nos personaliza y permite expresarnos, comprometiendo en todo ello la integridad de nuestro ser.<\/p>\n\n\n\n<p>La danza popular es una v\u00eda de acceso para vehiculizar mensajes significativos que coadyuven en la construcci\u00f3n y reconstrucci\u00f3n, recreaci\u00f3n y resignificaci\u00f3n de los acontecimientos culturales.<\/p>\n\n\n\n<p>Reivindicar la m\u00fasica y la danza rioplatense, es el aspecto que se destaca a trav\u00e9s de este proyecto, intentando asumir con responsabilidad y compromiso el rol de profesionales vinculados al patrimonio cultural argentino<em>.&nbsp;<\/em>Esta nueva propuesta curricular constituye una valiosa respuesta a la significativa demanda suscitada en los \u00faltimos a\u00f1os, en torno a una de las expresiones po\u00e9ticas, musicales y coreogr\u00e1ficas m\u00e1s populares y emblem\u00e1ticas de nuestra identidad cultural, cual es la danza y el folklore rioplatense.<\/p>\n\n\n\n<p><\/p>\n\n\n\n<p><strong>PROP\u00d3SITOS<\/strong><\/p>\n\n\n\n<p>\u2022&nbsp;Formar al t\u00e9cnico superior \u201cInt\u00e9rprete Core\u00f3grafo en Tango\u201d con solidez de conocimientos en la disciplina.<\/p>\n\n\n\n<p>\u2022&nbsp;Transferir la danza popular como modo de vehiculizar mensajes significativos, que contribuyan en la construcci\u00f3n y reconstrucci\u00f3n, recreaci\u00f3n y resignificaci\u00f3n permanente de los acontecimientos culturales identitarios.<\/p>\n\n\n\n<p>\u2022&nbsp;Construir el conocimiento de acercamiento al marco epistemol\u00f3gico sustentado en un sistema axiol\u00f3gico, constituyente del basamento conceptual en el universo cultural identitario.<\/p>\n\n\n\n<p>\u2022&nbsp;Otorgar herramientas, informaci\u00f3n y metodolog\u00eda cient\u00edfica, para realizar investigaciones que contribuyan a una permanente formaci\u00f3n como profesionales id\u00f3neos.<\/p>\n\n\n\n<p>\u2022&nbsp;Fortalecer una visi\u00f3n cr\u00edtica frente a las diversas expresiones de la danza, la m\u00fasica y la poes\u00eda.<\/p>\n\n\n\n<p><strong>PERFIL PROFESIONAL C<\/strong><strong>OMPETENCIA&nbsp;<\/strong><strong>G<\/strong><strong>ENERAL<\/strong><\/p>\n\n\n\n<p>El T\u00e9cnico Superior Int\u00e9rprete Core\u00f3grafo en Tango estar\u00e1 capacitado para interpretar, crear, dise\u00f1ar, organizar y planificar proyectos art\u00edsticos propios de este lenguaje (Danza Tango), desplegando aptitudes de compromiso, valorizaci\u00f3n y calidad de la producci\u00f3n art\u00edstica coreogr\u00e1fica identitaria.<\/p>\n\n\n\n<p><strong>\u00c1<\/strong><strong>REAS DE&nbsp;<\/strong><strong>C<\/strong><strong>OMPETENCIA<\/strong><\/p>\n\n\n\n<p>1. Interpretar la danza Tango, con manejo esc\u00e9nico, desenvolviendo sus posibilidades corporales, considerando el espacio, el tiempo musical en las realizaciones coreogr\u00e1ficas espec\u00edficas, acerc\u00e1ndose al conocimiento del marco epistemol\u00f3gico.<\/p>\n\n\n\n<p>2. Dise\u00f1ar proyectos coreogr\u00e1ficos aplicando las herramientas y recursos t\u00e9cnico- expresivos en su concreci\u00f3n, sustentados a partir del conocimiento del g\u00e9nero.<\/p>\n\n\n\n<p>3. Gestionar el proceso de producci\u00f3n de proyectos art\u00edsticos en su especialidad aplicando las herramientas necesarias para su armado, edici\u00f3n y difusi\u00f3n.<\/p>\n\n\n\n<p>LINK PARA DESCARGA DEL PLAN DE ESTUDIOS COMPLETO: <a href=\"https:\/\/drive.google.com\/file\/d\/14aICcQY2Byje4cH97sc_4dUSTT696fSj\/view?usp=share_link\">https:\/\/drive.google.com\/file\/d\/14aICcQY2Byje4cH97sc_4dUSTT696fSj\/view?usp=share_link<\/a><\/p>\n\n\n\n<figure class=\"wp-block-image size-large\"><img decoding=\"async\" loading=\"lazy\" width=\"1069\" height=\"1900\" src=\"https:\/\/edtalomas-bue.infd.edu.ar\/sitio\/wp-content\/uploads\/2025\/03\/1000217529-1069x1900.png\" alt=\"\" class=\"wp-image-1119\" srcset=\"https:\/\/edtalomas-bue.infd.edu.ar\/sitio\/wp-content\/uploads\/2025\/03\/1000217529-1069x1900.png 1069w, https:\/\/edtalomas-bue.infd.edu.ar\/sitio\/wp-content\/uploads\/2025\/03\/1000217529-563x1000.png 563w, https:\/\/edtalomas-bue.infd.edu.ar\/sitio\/wp-content\/uploads\/2025\/03\/1000217529-768x1365.png 768w, https:\/\/edtalomas-bue.infd.edu.ar\/sitio\/wp-content\/uploads\/2025\/03\/1000217529-864x1536.png 864w, https:\/\/edtalomas-bue.infd.edu.ar\/sitio\/wp-content\/uploads\/2025\/03\/1000217529.png 1080w\" sizes=\"(max-width: 1069px) 100vw, 1069px\" \/><\/figure>\n\n\n\n<p><\/p>\n","protected":false},"excerpt":{"rendered":"<p>FUNDAMENTACI\u00d3N DE LA TECNICATURA SUPERIOR INT\u00c9RPRETE CORE\u00d3GRAFO EN TANGO. El presente dise\u00f1o de Tecnicatura Superior Int\u00e9rprete Core\u00f3grafo en Tango cubre una necesidad en la Provincia de Buenos Aires expresada reiteradamente en \u00e1mbitos y comunidades vinculados al arte de la danza. La formaci\u00f3n integral de este especialista, capacitado en su saber espec\u00edfico, garantizar\u00e1 adem\u00e1s el conocimiento &#8230; <a title=\"Tecnicatura Superior en Interpretaci\u00f3n y Coreograf\u00eda de Tango\" class=\"read-more\" href=\"https:\/\/edtalomas-bue.infd.edu.ar\/sitio\/oferta-academica\/tecnicatura-superior-en-interpretacion-y-coreografia-de-tango\/\" aria-label=\"M\u00e1s en Tecnicatura Superior en Interpretaci\u00f3n y Coreograf\u00eda de Tango\">[+]<\/a><\/p>\n","protected":false},"author":16,"featured_media":0,"parent":644,"menu_order":0,"comment_status":"closed","ping_status":"closed","template":"","meta":[],"acf":[],"_links":{"self":[{"href":"https:\/\/edtalomas-bue.infd.edu.ar\/sitio\/wp-json\/wp\/v2\/pages\/887"}],"collection":[{"href":"https:\/\/edtalomas-bue.infd.edu.ar\/sitio\/wp-json\/wp\/v2\/pages"}],"about":[{"href":"https:\/\/edtalomas-bue.infd.edu.ar\/sitio\/wp-json\/wp\/v2\/types\/page"}],"author":[{"embeddable":true,"href":"https:\/\/edtalomas-bue.infd.edu.ar\/sitio\/wp-json\/wp\/v2\/users\/16"}],"replies":[{"embeddable":true,"href":"https:\/\/edtalomas-bue.infd.edu.ar\/sitio\/wp-json\/wp\/v2\/comments?post=887"}],"version-history":[{"count":5,"href":"https:\/\/edtalomas-bue.infd.edu.ar\/sitio\/wp-json\/wp\/v2\/pages\/887\/revisions"}],"predecessor-version":[{"id":1120,"href":"https:\/\/edtalomas-bue.infd.edu.ar\/sitio\/wp-json\/wp\/v2\/pages\/887\/revisions\/1120"}],"up":[{"embeddable":true,"href":"https:\/\/edtalomas-bue.infd.edu.ar\/sitio\/wp-json\/wp\/v2\/pages\/644"}],"wp:attachment":[{"href":"https:\/\/edtalomas-bue.infd.edu.ar\/sitio\/wp-json\/wp\/v2\/media?parent=887"}],"curies":[{"name":"wp","href":"https:\/\/api.w.org\/{rel}","templated":true}]}}