{"id":1202,"date":"2025-07-17T19:24:37","date_gmt":"2025-07-17T22:24:37","guid":{"rendered":"https:\/\/edtalomas-bue.infd.edu.ar\/sitio\/?page_id=1202"},"modified":"2025-07-17T19:24:38","modified_gmt":"2025-07-17T22:24:38","slug":"iii-congreso-de-educacion-artistica-en-el-conurbano-sur-2023","status":"publish","type":"page","link":"https:\/\/edtalomas-bue.infd.edu.ar\/sitio\/iii-congreso-de-educacion-artistica-en-el-conurbano-sur-2023\/","title":{"rendered":"III CONGRESO DE EDUCACI\u00d3N ART\u00cdSTICA EN EL CONURBANO SUR (2023)"},"content":{"rendered":"\n<p><a href=\"https:\/\/www.instagram.com\/eaconurbanosur\/\">Instagram Oficial de Congreso de Educaci\u00f3n Art\u00edstica en el Conurbano Sur<\/a><\/p>\n\n\n\n<p><a href=\"https:\/\/www.instagram.com\/p\/CxJPaAyvmsO\/?hl=es\">\u00a1Mir\u00e1 un resumen de lo que fue el III Congreso de Educaci\u00f3n Art\u00edstica en el Conurbano Sur!<\/a><\/p>\n\n\n\n<p><strong>Algunas de las actividades que acontecieron en el Congreso:<\/strong><\/p>\n\n\n\n<figure class=\"wp-block-gallery has-nested-images columns-default is-cropped wp-block-gallery-1 is-layout-flex\">\n<figure class=\"wp-block-image size-large\"><img decoding=\"async\" loading=\"lazy\" width=\"1080\" height=\"647\" data-id=\"1205\"  src=\"https:\/\/edtalomas-bue.infd.edu.ar\/sitio\/wp-content\/uploads\/2025\/07\/1.jpg\" alt=\"\" class=\"wp-image-1205\" srcset=\"https:\/\/edtalomas-bue.infd.edu.ar\/sitio\/wp-content\/uploads\/2025\/07\/1.jpg 1080w, https:\/\/edtalomas-bue.infd.edu.ar\/sitio\/wp-content\/uploads\/2025\/07\/1-1000x599.jpg 1000w, https:\/\/edtalomas-bue.infd.edu.ar\/sitio\/wp-content\/uploads\/2025\/07\/1-768x460.jpg 768w\" sizes=\"(max-width: 1080px) 100vw, 1080px\" \/><\/figure>\n\n\n\n<figure class=\"wp-block-image size-large\"><img decoding=\"async\" loading=\"lazy\" width=\"1080\" height=\"719\" data-id=\"1209\"  src=\"https:\/\/edtalomas-bue.infd.edu.ar\/sitio\/wp-content\/uploads\/2025\/07\/2.jpg\" alt=\"\" class=\"wp-image-1209\" srcset=\"https:\/\/edtalomas-bue.infd.edu.ar\/sitio\/wp-content\/uploads\/2025\/07\/2.jpg 1080w, https:\/\/edtalomas-bue.infd.edu.ar\/sitio\/wp-content\/uploads\/2025\/07\/2-1000x666.jpg 1000w, https:\/\/edtalomas-bue.infd.edu.ar\/sitio\/wp-content\/uploads\/2025\/07\/2-768x511.jpg 768w\" sizes=\"(max-width: 1080px) 100vw, 1080px\" \/><\/figure>\n\n\n\n<figure class=\"wp-block-image size-large\"><img decoding=\"async\" loading=\"lazy\" width=\"1080\" height=\"719\" data-id=\"1206\"  src=\"https:\/\/edtalomas-bue.infd.edu.ar\/sitio\/wp-content\/uploads\/2025\/07\/3.jpg\" alt=\"\" class=\"wp-image-1206\" srcset=\"https:\/\/edtalomas-bue.infd.edu.ar\/sitio\/wp-content\/uploads\/2025\/07\/3.jpg 1080w, https:\/\/edtalomas-bue.infd.edu.ar\/sitio\/wp-content\/uploads\/2025\/07\/3-1000x666.jpg 1000w, https:\/\/edtalomas-bue.infd.edu.ar\/sitio\/wp-content\/uploads\/2025\/07\/3-768x511.jpg 768w\" sizes=\"(max-width: 1080px) 100vw, 1080px\" \/><\/figure>\n\n\n\n<figure class=\"wp-block-image size-large\"><img decoding=\"async\" loading=\"lazy\" width=\"1080\" height=\"649\" data-id=\"1210\"  src=\"https:\/\/edtalomas-bue.infd.edu.ar\/sitio\/wp-content\/uploads\/2025\/07\/4.jpg\" alt=\"\" class=\"wp-image-1210\" srcset=\"https:\/\/edtalomas-bue.infd.edu.ar\/sitio\/wp-content\/uploads\/2025\/07\/4.jpg 1080w, https:\/\/edtalomas-bue.infd.edu.ar\/sitio\/wp-content\/uploads\/2025\/07\/4-1000x601.jpg 1000w, https:\/\/edtalomas-bue.infd.edu.ar\/sitio\/wp-content\/uploads\/2025\/07\/4-768x462.jpg 768w\" sizes=\"(max-width: 1080px) 100vw, 1080px\" \/><\/figure>\n\n\n\n<figure class=\"wp-block-image size-large\"><img decoding=\"async\" loading=\"lazy\" width=\"1080\" height=\"649\" data-id=\"1208\"  src=\"https:\/\/edtalomas-bue.infd.edu.ar\/sitio\/wp-content\/uploads\/2025\/07\/5.jpg\" alt=\"\" class=\"wp-image-1208\" srcset=\"https:\/\/edtalomas-bue.infd.edu.ar\/sitio\/wp-content\/uploads\/2025\/07\/5.jpg 1080w, https:\/\/edtalomas-bue.infd.edu.ar\/sitio\/wp-content\/uploads\/2025\/07\/5-1000x601.jpg 1000w, https:\/\/edtalomas-bue.infd.edu.ar\/sitio\/wp-content\/uploads\/2025\/07\/5-768x462.jpg 768w\" sizes=\"(max-width: 1080px) 100vw, 1080px\" \/><\/figure>\n\n\n\n<figure class=\"wp-block-image size-large\"><img decoding=\"async\" loading=\"lazy\" width=\"1047\" height=\"631\" data-id=\"1207\"  src=\"https:\/\/edtalomas-bue.infd.edu.ar\/sitio\/wp-content\/uploads\/2025\/07\/6.jpg\" alt=\"\" class=\"wp-image-1207\" srcset=\"https:\/\/edtalomas-bue.infd.edu.ar\/sitio\/wp-content\/uploads\/2025\/07\/6.jpg 1047w, https:\/\/edtalomas-bue.infd.edu.ar\/sitio\/wp-content\/uploads\/2025\/07\/6-1000x603.jpg 1000w, https:\/\/edtalomas-bue.infd.edu.ar\/sitio\/wp-content\/uploads\/2025\/07\/6-768x463.jpg 768w\" sizes=\"(max-width: 1047px) 100vw, 1047px\" \/><\/figure>\n<\/figure>\n\n\n\n<p><em>Taller \u00abExperiencia con tu voz\u00bb con Adriana Brande en Sede El Padilla.<\/em><\/p>\n\n\n\n<figure class=\"wp-block-video\"><video controls src=\"https:\/\/edtalomas-bue.infd.edu.ar\/sitio\/wp-content\/uploads\/2025\/07\/Arrancando-el-taller-de-danza-comunitaria.mp4\"><\/video><\/figure>\n\n\n\n<p><em>Taller de Danza Comunitaria.<\/em><\/p>\n\n\n\n<figure class=\"wp-block-video\"><video controls src=\"https:\/\/edtalomas-bue.infd.edu.ar\/sitio\/wp-content\/uploads\/2025\/07\/\u00bfQue-es-una-performancePor-la-profesora-Alejandra-Filo-3.mp4\"><\/video><\/figure>\n\n\n\n<p><em>\u00ab\u00bfQu\u00e9 es una performance?\u00bb por Alejandra Filo.<\/em><\/p>\n\n\n<div class=\"wp-block-image\">\n<figure class=\"aligncenter size-full is-resized\"><img decoding=\"async\" loading=\"lazy\" src=\"https:\/\/edtalomas-bue.infd.edu.ar\/sitio\/wp-content\/uploads\/2025\/07\/III-congreso.jpg\" alt=\"\" class=\"wp-image-1203\" width=\"583\" height=\"589\"\/><\/figure><\/div>\n\n\n<p><\/p>\n","protected":false},"excerpt":{"rendered":"<p>Instagram Oficial de Congreso de Educaci\u00f3n Art\u00edstica en el Conurbano Sur \u00a1Mir\u00e1 un resumen de lo que fue el III Congreso de Educaci\u00f3n Art\u00edstica en el Conurbano Sur! Algunas de las actividades que acontecieron en el Congreso: Taller \u00abExperiencia con tu voz\u00bb con Adriana Brande en Sede El Padilla. Taller de Danza Comunitaria. \u00ab\u00bfQu\u00e9 es &#8230; <a title=\"III CONGRESO DE EDUCACI\u00d3N ART\u00cdSTICA EN EL CONURBANO SUR (2023)\" class=\"read-more\" href=\"https:\/\/edtalomas-bue.infd.edu.ar\/sitio\/iii-congreso-de-educacion-artistica-en-el-conurbano-sur-2023\/\" aria-label=\"M\u00e1s en III CONGRESO DE EDUCACI\u00d3N ART\u00cdSTICA EN EL CONURBANO SUR (2023)\">[+]<\/a><\/p>\n","protected":false},"author":1444,"featured_media":0,"parent":0,"menu_order":0,"comment_status":"closed","ping_status":"closed","template":"","meta":[],"acf":[],"_links":{"self":[{"href":"https:\/\/edtalomas-bue.infd.edu.ar\/sitio\/wp-json\/wp\/v2\/pages\/1202"}],"collection":[{"href":"https:\/\/edtalomas-bue.infd.edu.ar\/sitio\/wp-json\/wp\/v2\/pages"}],"about":[{"href":"https:\/\/edtalomas-bue.infd.edu.ar\/sitio\/wp-json\/wp\/v2\/types\/page"}],"author":[{"embeddable":true,"href":"https:\/\/edtalomas-bue.infd.edu.ar\/sitio\/wp-json\/wp\/v2\/users\/1444"}],"replies":[{"embeddable":true,"href":"https:\/\/edtalomas-bue.infd.edu.ar\/sitio\/wp-json\/wp\/v2\/comments?post=1202"}],"version-history":[{"count":1,"href":"https:\/\/edtalomas-bue.infd.edu.ar\/sitio\/wp-json\/wp\/v2\/pages\/1202\/revisions"}],"predecessor-version":[{"id":1213,"href":"https:\/\/edtalomas-bue.infd.edu.ar\/sitio\/wp-json\/wp\/v2\/pages\/1202\/revisions\/1213"}],"wp:attachment":[{"href":"https:\/\/edtalomas-bue.infd.edu.ar\/sitio\/wp-json\/wp\/v2\/media?parent=1202"}],"curies":[{"name":"wp","href":"https:\/\/api.w.org\/{rel}","templated":true}]}}

III CONGRESO DE EDUCACIÓN ARTÍSTICA EN EL CONURBANO SUR (2023)

<p><a href="https://www.instagram.com/eaconurbanosur/">Instagram Oficial de Congreso de Educación Artística en el Conurbano Sur</a></p>



<p><a href="https://www.instagram.com/p/CxJPaAyvmsO/?hl=es">¡Mirá un resumen de lo que fue el III Congreso de Educación Artística en el Conurbano Sur!</a></p>



<p><strong>Algunas de las actividades que acontecieron en el Congreso:</strong></p>



<figure class="wp-block-gallery has-nested-images columns-default is-cropped wp-block-gallery-1 is-layout-flex">
<figure class="wp-block-image size-large"><img decoding="async" loading="lazy" width="1080" height="647" data-id="1205"  src="https://edtalomas-bue.infd.edu.ar/sitio/wp-content/uploads/2025/07/1.jpg" alt="" class="wp-image-1205" srcset="https://edtalomas-bue.infd.edu.ar/sitio/wp-content/uploads/2025/07/1.jpg 1080w, https://edtalomas-bue.infd.edu.ar/sitio/wp-content/uploads/2025/07/1-1000x599.jpg 1000w, https://edtalomas-bue.infd.edu.ar/sitio/wp-content/uploads/2025/07/1-768x460.jpg 768w" sizes="(max-width: 1080px) 100vw, 1080px" /></figure>



<figure class="wp-block-image size-large"><img decoding="async" loading="lazy" width="1080" height="719" data-id="1209"  src="https://edtalomas-bue.infd.edu.ar/sitio/wp-content/uploads/2025/07/2.jpg" alt="" class="wp-image-1209" srcset="https://edtalomas-bue.infd.edu.ar/sitio/wp-content/uploads/2025/07/2.jpg 1080w, https://edtalomas-bue.infd.edu.ar/sitio/wp-content/uploads/2025/07/2-1000x666.jpg 1000w, https://edtalomas-bue.infd.edu.ar/sitio/wp-content/uploads/2025/07/2-768x511.jpg 768w" sizes="(max-width: 1080px) 100vw, 1080px" /></figure>



<figure class="wp-block-image size-large"><img decoding="async" loading="lazy" width="1080" height="719" data-id="1206"  src="https://edtalomas-bue.infd.edu.ar/sitio/wp-content/uploads/2025/07/3.jpg" alt="" class="wp-image-1206" srcset="https://edtalomas-bue.infd.edu.ar/sitio/wp-content/uploads/2025/07/3.jpg 1080w, https://edtalomas-bue.infd.edu.ar/sitio/wp-content/uploads/2025/07/3-1000x666.jpg 1000w, https://edtalomas-bue.infd.edu.ar/sitio/wp-content/uploads/2025/07/3-768x511.jpg 768w" sizes="(max-width: 1080px) 100vw, 1080px" /></figure>



<figure class="wp-block-image size-large"><img decoding="async" loading="lazy" width="1080" height="649" data-id="1210"  src="https://edtalomas-bue.infd.edu.ar/sitio/wp-content/uploads/2025/07/4.jpg" alt="" class="wp-image-1210" srcset="https://edtalomas-bue.infd.edu.ar/sitio/wp-content/uploads/2025/07/4.jpg 1080w, https://edtalomas-bue.infd.edu.ar/sitio/wp-content/uploads/2025/07/4-1000x601.jpg 1000w, https://edtalomas-bue.infd.edu.ar/sitio/wp-content/uploads/2025/07/4-768x462.jpg 768w" sizes="(max-width: 1080px) 100vw, 1080px" /></figure>



<figure class="wp-block-image size-large"><img decoding="async" loading="lazy" width="1080" height="649" data-id="1208"  src="https://edtalomas-bue.infd.edu.ar/sitio/wp-content/uploads/2025/07/5.jpg" alt="" class="wp-image-1208" srcset="https://edtalomas-bue.infd.edu.ar/sitio/wp-content/uploads/2025/07/5.jpg 1080w, https://edtalomas-bue.infd.edu.ar/sitio/wp-content/uploads/2025/07/5-1000x601.jpg 1000w, https://edtalomas-bue.infd.edu.ar/sitio/wp-content/uploads/2025/07/5-768x462.jpg 768w" sizes="(max-width: 1080px) 100vw, 1080px" /></figure>



<figure class="wp-block-image size-large"><img decoding="async" loading="lazy" width="1047" height="631" data-id="1207"  src="https://edtalomas-bue.infd.edu.ar/sitio/wp-content/uploads/2025/07/6.jpg" alt="" class="wp-image-1207" srcset="https://edtalomas-bue.infd.edu.ar/sitio/wp-content/uploads/2025/07/6.jpg 1047w, https://edtalomas-bue.infd.edu.ar/sitio/wp-content/uploads/2025/07/6-1000x603.jpg 1000w, https://edtalomas-bue.infd.edu.ar/sitio/wp-content/uploads/2025/07/6-768x463.jpg 768w" sizes="(max-width: 1047px) 100vw, 1047px" /></figure>
</figure>



<p><em>Taller «Experiencia con tu voz» con Adriana Brande en Sede El Padilla.</em></p>



<figure class="wp-block-video"><video controls src="https://edtalomas-bue.infd.edu.ar/sitio/wp-content/uploads/2025/07/Arrancando-el-taller-de-danza-comunitaria.mp4"></video></figure>



<p><em>Taller de Danza Comunitaria.</em></p>



<figure class="wp-block-video"><video controls src="https://edtalomas-bue.infd.edu.ar/sitio/wp-content/uploads/2025/07/¿Que-es-una-performancePor-la-profesora-Alejandra-Filo-3.mp4"></video></figure>



<p><em>«¿Qué es una performance?» por Alejandra Filo.</em></p>


<div class="wp-block-image">
<figure class="aligncenter size-full is-resized"><img decoding="async" loading="lazy" src="https://edtalomas-bue.infd.edu.ar/sitio/wp-content/uploads/2025/07/III-congreso.jpg" alt="" class="wp-image-1203" width="583" height="589"/></figure></div>


<p></p>

<p>Instagram Oficial de Congreso de Educación Artística en el Conurbano Sur ¡Mirá un resumen de lo que fue el III Congreso de Educación Artística en el Conurbano Sur! Algunas de las actividades que acontecieron en el Congreso: Taller «Experiencia con tu voz» con Adriana Brande en Sede El Padilla. Taller de Danza Comunitaria. «¿Qué es &#8230; <a title="III CONGRESO DE EDUCACIÓN ARTÍSTICA EN EL CONURBANO SUR (2023)" class="read-more" href="https://edtalomas-bue.infd.edu.ar/sitio/iii-congreso-de-educacion-artistica-en-el-conurbano-sur-2023/" aria-label="Más en III CONGRESO DE EDUCACIÓN ARTÍSTICA EN EL CONURBANO SUR (2023)">[+]</a></p>
