{"id":1145,"date":"2025-06-06T17:55:50","date_gmt":"2025-06-06T20:55:50","guid":{"rendered":"https:\/\/edtalomas-bue.infd.edu.ar\/sitio\/?page_id=1145"},"modified":"2026-02-20T17:46:06","modified_gmt":"2026-02-20T20:46:06","slug":"consejo-academico-institucional","status":"publish","type":"page","link":"https:\/\/edtalomas-bue.infd.edu.ar\/sitio\/consejo-academico-institucional\/","title":{"rendered":"CONSEJO ACAD\u00c9MICO INSTITUCIONAL"},"content":{"rendered":"\n<p><strong>REPRESENTANTES ELECTOS 2025\/26: <\/strong><\/p>\n\n\n\n<p>Representantes Estudiantiles:  Ledesma Anal\u00eda, \u00c1vila Andrea, Fern\u00e1ndez Maximiliano, Rey Victoria, Rama Guadalupe, Godoy Ag\u00fcero Guadalupe, V\u00e1zquez Paula.<\/p>\n\n\n\n<p>Representantes Docentes: S\u00e1nchez V\u00edctor, Catarraso Mat\u00edas, Requejo Laura, Suarez Sebasti\u00e1n, Mu\u00f1iz Ana Gabriela, Deibe Pederiva Araceli, Dana Giselle, Romero Juan Pablo<\/p>\n\n\n\n<p>Reglamento de Convivencia: <\/p>\n\n\n\n<p><a href=\"https:\/\/drive.google.com\/file\/d\/1_l7KzZWRO7OwhlbTF0a29tWy89Jq4fb5\/view?usp=drivesdk\">Click Aqu\u00ed para leer o descargar.<\/a><\/p>\n\n\n\n<p>Elecciones 2025:<\/p>\n\n\n\n<figure class=\"wp-block-image size-large\"><img decoding=\"async\" loading=\"lazy\" width=\"1900\" height=\"1069\" src=\"https:\/\/edtalomas-bue.infd.edu.ar\/sitio\/wp-content\/uploads\/2025\/06\/1000459015-1900x1069.jpg\" alt=\"\" class=\"wp-image-1146\" srcset=\"https:\/\/edtalomas-bue.infd.edu.ar\/sitio\/wp-content\/uploads\/2025\/06\/1000459015-1900x1069.jpg 1900w, https:\/\/edtalomas-bue.infd.edu.ar\/sitio\/wp-content\/uploads\/2025\/06\/1000459015-1000x563.jpg 1000w, https:\/\/edtalomas-bue.infd.edu.ar\/sitio\/wp-content\/uploads\/2025\/06\/1000459015-768x432.jpg 768w, https:\/\/edtalomas-bue.infd.edu.ar\/sitio\/wp-content\/uploads\/2025\/06\/1000459015-1536x864.jpg 1536w, https:\/\/edtalomas-bue.infd.edu.ar\/sitio\/wp-content\/uploads\/2025\/06\/1000459015.jpg 1920w\" sizes=\"(max-width: 1900px) 100vw, 1900px\" \/><\/figure>\n\n\n\n<figure class=\"wp-block-image size-large is-resized\"><img decoding=\"async\" loading=\"lazy\" src=\"https:\/\/edtalomas-bue.infd.edu.ar\/sitio\/wp-content\/uploads\/2025\/06\/1000459016-1900x1069.jpg\" alt=\"\" class=\"wp-image-1147\" width=\"1032\" height=\"580\" srcset=\"https:\/\/edtalomas-bue.infd.edu.ar\/sitio\/wp-content\/uploads\/2025\/06\/1000459016-1900x1069.jpg 1900w, https:\/\/edtalomas-bue.infd.edu.ar\/sitio\/wp-content\/uploads\/2025\/06\/1000459016-1000x563.jpg 1000w, https:\/\/edtalomas-bue.infd.edu.ar\/sitio\/wp-content\/uploads\/2025\/06\/1000459016-768x432.jpg 768w, https:\/\/edtalomas-bue.infd.edu.ar\/sitio\/wp-content\/uploads\/2025\/06\/1000459016-1536x864.jpg 1536w, https:\/\/edtalomas-bue.infd.edu.ar\/sitio\/wp-content\/uploads\/2025\/06\/1000459016.jpg 1920w\" sizes=\"(max-width: 1032px) 100vw, 1032px\" \/><\/figure>\n\n\n\n<figure class=\"wp-block-image size-large\"><img decoding=\"async\" loading=\"lazy\" width=\"1900\" height=\"1069\" src=\"https:\/\/edtalomas-bue.infd.edu.ar\/sitio\/wp-content\/uploads\/2025\/06\/1000459018-1900x1069.jpg\" alt=\"\" class=\"wp-image-1148\" srcset=\"https:\/\/edtalomas-bue.infd.edu.ar\/sitio\/wp-content\/uploads\/2025\/06\/1000459018-1900x1069.jpg 1900w, https:\/\/edtalomas-bue.infd.edu.ar\/sitio\/wp-content\/uploads\/2025\/06\/1000459018-1000x563.jpg 1000w, https:\/\/edtalomas-bue.infd.edu.ar\/sitio\/wp-content\/uploads\/2025\/06\/1000459018-768x432.jpg 768w, https:\/\/edtalomas-bue.infd.edu.ar\/sitio\/wp-content\/uploads\/2025\/06\/1000459018-1536x864.jpg 1536w, https:\/\/edtalomas-bue.infd.edu.ar\/sitio\/wp-content\/uploads\/2025\/06\/1000459018.jpg 1920w\" sizes=\"(max-width: 1900px) 100vw, 1900px\" \/><\/figure>\n\n\n\n<figure class=\"wp-block-image size-large is-resized\"><img decoding=\"async\" loading=\"lazy\" src=\"https:\/\/edtalomas-bue.infd.edu.ar\/sitio\/wp-content\/uploads\/2025\/06\/1000459019-1900x1069.jpg\" alt=\"\" class=\"wp-image-1149\" width=\"1020\" height=\"573\" srcset=\"https:\/\/edtalomas-bue.infd.edu.ar\/sitio\/wp-content\/uploads\/2025\/06\/1000459019-1900x1069.jpg 1900w, https:\/\/edtalomas-bue.infd.edu.ar\/sitio\/wp-content\/uploads\/2025\/06\/1000459019-1000x563.jpg 1000w, https:\/\/edtalomas-bue.infd.edu.ar\/sitio\/wp-content\/uploads\/2025\/06\/1000459019-768x432.jpg 768w, https:\/\/edtalomas-bue.infd.edu.ar\/sitio\/wp-content\/uploads\/2025\/06\/1000459019-1536x864.jpg 1536w, https:\/\/edtalomas-bue.infd.edu.ar\/sitio\/wp-content\/uploads\/2025\/06\/1000459019.jpg 1920w\" sizes=\"(max-width: 1020px) 100vw, 1020px\" \/><\/figure>\n\n\n\n<figure class=\"wp-block-image size-large\"><img decoding=\"async\" loading=\"lazy\" width=\"1900\" height=\"1069\" src=\"https:\/\/edtalomas-bue.infd.edu.ar\/sitio\/wp-content\/uploads\/2025\/06\/1000459020-1900x1069.jpg\" alt=\"\" class=\"wp-image-1150\" srcset=\"https:\/\/edtalomas-bue.infd.edu.ar\/sitio\/wp-content\/uploads\/2025\/06\/1000459020-1900x1069.jpg 1900w, https:\/\/edtalomas-bue.infd.edu.ar\/sitio\/wp-content\/uploads\/2025\/06\/1000459020-1000x563.jpg 1000w, https:\/\/edtalomas-bue.infd.edu.ar\/sitio\/wp-content\/uploads\/2025\/06\/1000459020-768x432.jpg 768w, https:\/\/edtalomas-bue.infd.edu.ar\/sitio\/wp-content\/uploads\/2025\/06\/1000459020-1536x864.jpg 1536w, https:\/\/edtalomas-bue.infd.edu.ar\/sitio\/wp-content\/uploads\/2025\/06\/1000459020.jpg 1920w\" sizes=\"(max-width: 1900px) 100vw, 1900px\" \/><\/figure>\n\n\n\n<figure class=\"wp-block-image size-large\"><img decoding=\"async\" loading=\"lazy\" width=\"1900\" height=\"1069\" src=\"https:\/\/edtalomas-bue.infd.edu.ar\/sitio\/wp-content\/uploads\/2025\/06\/1000459017-1900x1069.jpg\" alt=\"\" class=\"wp-image-1152\" srcset=\"https:\/\/edtalomas-bue.infd.edu.ar\/sitio\/wp-content\/uploads\/2025\/06\/1000459017-1900x1069.jpg 1900w, https:\/\/edtalomas-bue.infd.edu.ar\/sitio\/wp-content\/uploads\/2025\/06\/1000459017-1000x563.jpg 1000w, https:\/\/edtalomas-bue.infd.edu.ar\/sitio\/wp-content\/uploads\/2025\/06\/1000459017-768x432.jpg 768w, https:\/\/edtalomas-bue.infd.edu.ar\/sitio\/wp-content\/uploads\/2025\/06\/1000459017-1536x864.jpg 1536w, https:\/\/edtalomas-bue.infd.edu.ar\/sitio\/wp-content\/uploads\/2025\/06\/1000459017.jpg 1920w\" sizes=\"(max-width: 1900px) 100vw, 1900px\" \/><\/figure>\n","protected":false},"excerpt":{"rendered":"<p>REPRESENTANTES ELECTOS 2025\/26: Representantes Estudiantiles: Ledesma Anal\u00eda, \u00c1vila Andrea, Fern\u00e1ndez Maximiliano, Rey Victoria, Rama Guadalupe, Godoy Ag\u00fcero Guadalupe, V\u00e1zquez Paula. Representantes Docentes: S\u00e1nchez V\u00edctor, Catarraso Mat\u00edas, Requejo Laura, Suarez Sebasti\u00e1n, Mu\u00f1iz Ana Gabriela, Deibe Pederiva Araceli, Dana Giselle, Romero Juan Pablo Reglamento de Convivencia: Click Aqu\u00ed para leer o descargar. Elecciones 2025:<\/p>\n","protected":false},"author":16,"featured_media":0,"parent":0,"menu_order":0,"comment_status":"closed","ping_status":"closed","template":"","meta":[],"acf":[],"_links":{"self":[{"href":"https:\/\/edtalomas-bue.infd.edu.ar\/sitio\/wp-json\/wp\/v2\/pages\/1145"}],"collection":[{"href":"https:\/\/edtalomas-bue.infd.edu.ar\/sitio\/wp-json\/wp\/v2\/pages"}],"about":[{"href":"https:\/\/edtalomas-bue.infd.edu.ar\/sitio\/wp-json\/wp\/v2\/types\/page"}],"author":[{"embeddable":true,"href":"https:\/\/edtalomas-bue.infd.edu.ar\/sitio\/wp-json\/wp\/v2\/users\/16"}],"replies":[{"embeddable":true,"href":"https:\/\/edtalomas-bue.infd.edu.ar\/sitio\/wp-json\/wp\/v2\/comments?post=1145"}],"version-history":[{"count":3,"href":"https:\/\/edtalomas-bue.infd.edu.ar\/sitio\/wp-json\/wp\/v2\/pages\/1145\/revisions"}],"predecessor-version":[{"id":2057,"href":"https:\/\/edtalomas-bue.infd.edu.ar\/sitio\/wp-json\/wp\/v2\/pages\/1145\/revisions\/2057"}],"wp:attachment":[{"href":"https:\/\/edtalomas-bue.infd.edu.ar\/sitio\/wp-json\/wp\/v2\/media?parent=1145"}],"curies":[{"name":"wp","href":"https:\/\/api.w.org\/{rel}","templated":true}]}}